ctor of 25 and 506140?
5
Calculate the greatest common divisor of 832998 and 76.
38
Calculate the greatest common factor of 421218 and 14.
14
What is the greatest common factor of 140 and 302372?
28
What is the greatest common factor of 28883 and 136?
17
What is the highest common divisor of 704 and 253?
11
What is the greatest common divisor of 16567816 and 232?
232
Calculate the highest common factor of 1478555 and 53105.
2795
Calculate the greatest common factor of 3642365 and 885.
295
Calculate the greatest common factor of 85365 and 945.
315
Calculate the greatest common divisor of 57 and 7710732.
57
Calculate the greatest common factor of 132 and 108624.
12
What is the highest common divisor of 108 and 8580?
12
Calculate the greatest common divisor of 2675336 and 137.
137
Calculate the highest common divisor of 42 and 13839.
21
What is the greatest common divisor of 5488 and 3584?
112
Calculate the highest common divisor of 735 and 2815.
5
What is the greatest common divisor of 80 and 1183024?
16
What is the greatest common factor of 850826 and 124?
62
What is the highest common divisor of 21300 and 22050?
150
What is the highest common factor of 2583 and 34727?
287
What is the greatest common divisor of 26 and 7631?
13
Calculate the greatest common divisor of 1383900 and 27300.
2100
What is the greatest common factor of 375 and 462875?
125
What is the greatest common factor of 9136 and 208?
16
Calculate the highest common factor of 947566 and 213.
71
What is the highest common divisor of 308658 and 42?
42
What is the greatest common factor of 129672 and 16?
8
What is the highest common divisor of 67 and 8124554?
67
Calculate the highest common factor of 3956185 and 106.
53
What is the greatest common divisor of 3786 and 336?
6
Calculate the greatest common factor of 70 and 40215.
35
Calculate the greatest common factor of 397 and 149272.
397
What is the highest common factor of 718850 and 10?
10
What is the greatest common factor of 84 and 900660?
12
Calculate the greatest common factor of 31306 and 22.
22
What is the greatest common factor of 68726 and 434?
14
Calculate the highest common divisor of 4883640 and 240.
120
What is the highest common factor of 65500 and 1775?
25
Calculate the greatest common factor of 5230 and 30.
10
What is the greatest common factor of 665 and 3648190?
665
Calculate the highest common factor of 2793 and 22883.
49
What is the greatest common divisor of 10625 and 323?
17
What is the greatest common divisor of 60 and 532575?
15
Calculate the highest common divisor of 1806 and 127323.
903
What is the highest common factor of 43068 and 776?
388
What is the greatest common divisor of 490721 and 231?
77
What is the highest common divisor of 54 and 152862?
6
Calculate the greatest common factor of 437552 and 3364.
116
Calculate the greatest common divisor of 2 and 1838.
2
What is the greatest common factor of 10807 and 19367?
107
Calculate the greatest common factor of 35196 and 98.
14
Calculate the highest common divisor of 375791 and 48087.
1781
What is the highest common divisor of 3010229 and 29?
29
What is the greatest common divisor of 232289 and 402?
67
What is the greatest common factor of 109497 and 1615?
323
What is the highest common divisor of 5909345 and 130?
65
Calculate the highest common factor of 29 and 918691.
29
Calculate the greatest common divisor of 220 and 166540.
220
What is the highest common factor of 684495 and 35?
35
What is the greatest common factor of 5 and 144235?
5
What is the greatest common factor of 2448 and 17289?
153
Calculate the greatest common divisor of 56 and 500276.
28
What is the greatest common factor of 1497542 and 38?
38
Calculate the highest common factor of 20 and 71948.
4
What is the highest common factor of 65 and 257400?
65
Calculate the highest common divisor of 1593 and 1003.
59
Calculate the highest common divisor of 12 and 25122.
6
What is the highest common factor of 5842 and 24257?
127
What is the greatest common factor of 22565 and 15?
5
What is the greatest common factor of 42 and 2053086?
42
What is the highest common divisor of 35740 and 540?
20
Calculate the highest common factor of 3864 and 40089.
483
What is the greatest common factor of 1798 and 1736?
62
Calculate the highest common factor of 48 and 5466.
6
Calculate the greatest common divisor of 49 and 24107.
1
What is the greatest common factor of 200261 and 115?
23
What is the highest common divisor of 258 and 16194?
6
What is the greatest common divisor of 31948 and 1715?
49
Calculate the highest common factor of 87124 and 3956.
92
Calculate the greatest common divisor of 14269 and 1121.
19
Calculate the highest common factor of 640175 and 725.
725
What is the highest common divisor of 3475 and 100?
25
Calculate the greatest common divisor of 39824 and 304.
304
What is the greatest common divisor of 195 and 54873?
39
What is the highest common divisor of 536284 and 16478?
1498
Calculate the highest common factor of 1228 and 112669.
307
Calculate the greatest common divisor of 184 and 1120.
8
Calculate the greatest common factor of 6 and 91194.
6
What is the highest common factor of 155 and 109895?
155
What is the highest common factor of 680 and 201416?
136
What is the greatest common divisor of 272 and 1259360?
272
What is the greatest common factor of 28 and 13412?
28
What is the greatest common divisor of 369 and 169047?
9
Calculate the highest common divisor of 513 and 49362.
57
Calculate the greatest common factor of 1521 and 9819.
9
What is the greatest common factor of 255 and 125?
5
Calculate the greatest common divisor of 333868 and 92644.
1748
Calculate the greatest common divisor of 69 and 7361955.
69
What is the greatest common factor of 65 and 2440685?
65
What is the highest common divisor of 31624 and 232224?
472
Calculate the greatest common divisor of 1331 and 30250.
121
Calculate the highest common factor of 2200 and 36850.
550
What is the greatest common divisor of 385 and 361235?
35
What is the highest common factor of 1806 and 1463763?
903
What is the highest common divisor of 7254 and 47895?
93
Calculate the greatest common divisor of 551 and 4843.
29
What is the greatest common divisor of 112 and 481072?
16
What is the greatest common divisor of 8448 and 363?
33
Calculate the highest common factor of 43950 and 945804.
1758
What is the greatest common divisor of 164 and 410369?
41
What is the highest common factor of 2081363 and 681?
227
Calculate the highest common factor of 107455 and 20.
5
Calculate the highest common factor of 24461 and 427.
61
What is the greatest common factor of 208940 and 4?
4
Calculate the greatest common factor of 6284598 and 222.
222
What is the highest common divisor of 9460 and 10340?
220
Calculate the highest common divisor of 160 and 58040.
40
What is the greatest common divisor of 619896 and 115?
23
What is the highest common factor of 603 and 5877?
9
What is the highest common divisor of 53909 and 2183?
37
Calculate the greatest common factor of 3256 and 616.
88
What is the greatest common factor of 219678 and 2021?
47
What is the greatest common divisor of 46330 and 16810?
410
Calculate the greatest common factor of 6408 and 648632.
712
Calculate the highest common factor of 260642 and 1444.
722
What is the highest common factor of 319103 and 473?
43
What is the greatest common divisor of 222894 and 812?
406
Calculate the highest common factor of 1105 and 6045.
65
Calculate the highest common divisor of 479 and 49.
1
Calculate the greatest common factor of 1 and 191140.
1
Calculate the greatest common factor of 1403917 and 53.
53
What is the highest common factor of 68 and 2364?
4
What is the greatest common factor of 484 and 19052?
44
What is the greatest common factor of 253 and 100254?
11
What is the greatest common divisor of 187083 and 2952?
369
Calculate the highest common factor of 30060 and 30.
30
What is the greatest common factor of 427514 and 177?
59
What is the highest common divisor of 6029 and 30?
1
What is the greatest common divisor of 100920 and 12528?
696
What is the greatest common divisor of 495 and 72105?
165
Calculate the greatest common factor of 931 and 13851.
19
What is the greatest common factor of 234 and